{"id":136,"date":"2020-06-04T14:20:52","date_gmt":"2020-06-04T14:20:52","guid":{"rendered":"http:\/\/gotogreenflag.de\/?page_id=136"},"modified":"2020-06-09T14:37:44","modified_gmt":"2020-06-09T14:37:44","slug":"der-fahnenstoff","status":"publish","type":"page","link":"http:\/\/gotogreenflag.de\/?page_id=136","title":{"rendered":"Fahnenstoff"},"content":{"rendered":"\n<div class=\"wp-block-cover aligncenter has-background-dim\" style=\"background-image:url(http:\/\/gotogreenflag.de\/wp-content\/uploads\/2020\/06\/Vergleich2.jpg)\"><div class=\"wp-block-cover__inner-container\">\n<p style=\"font-size:70px;text-align:center\" class=\"has-text-color has-luminous-vivid-amber-color\"><strong>Der Fahnenstoff<\/strong><\/p>\n<\/div><\/div>\n\n\n<p>.<\/p>\n<p><\/p>\n\n\n<p class=\"has-text-color has-background has-large-font-size has-vivid-cyan-blue-color has-very-light-gray-background-color\"><strong>PESKO 2150!<\/strong><\/p>\n\n\n\n<p class=\"has-background has-medium-font-size has-very-light-gray-background-color\"><strong>Webware mit der h\u00f6chsten  Rei\u00dffestigkeit<\/strong><\/p>\n\n\n\n<p>\n\t\tDer&nbsp; \n\t\tGo to \n\t\tgreen \n\t\tFahnenstoff hat eine <strong>Haltbarkeit<\/strong> \n\t\tum das<strong> 40-fache<\/strong>, weil es eine <strong>\n\t\tspezielle Verarbeitung<\/strong> hat \n\t\tdie<\/p>\n\n\n\n<p class=\"has-text-color has-background has-medium-font-size has-very-dark-gray-color has-very-light-gray-background-color\"><strong>\n\t\tWebware mit besonderer Struktur<\/strong><\/p>\n\n\n\n<p><strong>\n\t\tPESKO2150 <\/strong>\n\t\t150g\/m\u00b2 \n\t\t&#8211;<strong>\n\t\tGo to \n\t\tgreen\n\t\t<\/strong>\n\t\t&#8211; 100% \n\t\tPES \u2013 Deutscher \n\t\tUrsprung \u2013<\/p>\n\n\n\n<p>Rei\u00dffestigkeit in \n\t\tKette <strong>\u00fcber 1200 N<\/strong>&nbsp;&nbsp; &nbsp;&nbsp;&nbsp;&nbsp;Weiterrei\u00dffestigkeit quer zur \n\t\tKette &nbsp;&nbsp;&nbsp;&nbsp;&nbsp;&nbsp;&nbsp;\u00fcber <strong>120 N<\/strong><\/p>\n\n\n\n<p>Rei\u00dffestigkeit in \n\t\tSchuss<strong> \u00fcber 1200 N<\/strong>&nbsp;&nbsp; Weiterrei\u00dffestigkeit quer zum Schuss \n\t\t\u00fcber&nbsp; <strong>120 N<\/strong><\/p>\n\n\n\n<p>Dieser Fahnenstoff \n\t\tist f\u00fcr die Bundeswehr entwickelt worden, weil hier eine\n\t\t2-j\u00e4hrige Bindefrist auf die Haltbarkeit \n\t\tgeboten ist.<\/p>\n\n\n\n<figure class=\"wp-block-image\"><img decoding=\"async\" loading=\"lazy\" width=\"477\" height=\"361\" src=\"http:\/\/gotogreenflag.de\/wp-content\/uploads\/2020\/06\/Leinenbindung.jpg\" alt=\"\" class=\"wp-image-189\" srcset=\"http:\/\/gotogreenflag.de\/wp-content\/uploads\/2020\/06\/Leinenbindung.jpg 477w, http:\/\/gotogreenflag.de\/wp-content\/uploads\/2020\/06\/Leinenbindung-300x227.jpg 300w\" sizes=\"(max-width: 477px) 100vw, 477px\" \/><\/figure>\n\n\n\n<p class=\"has-medium-font-size\"><strong>Dem Gegen\u00fcber der normale Fahnenstoff\u00a0<\/strong>  <\/p>\n\n\n\n<p><strong>\n\t\t\tWirkware 110 g\/qm<\/strong>&nbsp;\n\t\t\tist einfacher herzustellen und zu verarbeiten.<\/p>\n\n\n\n<p>Kette:&nbsp;&nbsp;&nbsp; <strong>\n\t\t\tRei\u00dffestigkei<\/strong>t ca <strong>25 N&nbsp;<\/strong>&nbsp;&nbsp;&nbsp;&nbsp;&nbsp;&nbsp; Weiterrei\u00dffestigkeit quer \n\t\t\tzur Kette ca. 30 N <\/p>\n\n\n\n<p>Schuss:&nbsp; \n\t\t\tRei\u00dffestigkeit ca. <strong>15 N&nbsp;<\/strong>&nbsp; Weiterrei\u00dffestigkeit quer zum \n\t\t\tSchuss ca. 15 N <\/p>\n\n\n\n<p>Gro\u00dfe Mengen von Polyester Fasern kommen auch aus Fernost. Dort \n\t\t\twird Polyester Altmaterial Recycling vorgenommen und durch das \n\t\t\tKrecken der Molek\u00fclketten zur fl\u00fcssigen Spinnmasse, werden diese \n\t\t\terheblich gek\u00fcrzt. (Haltbarkeitsverlust!). Auch wenn reines \n\t\t\tPolestermaterial zugemischt wird, bleibt das Resultat gleich.&nbsp;&nbsp; Nach \n\t\t\tdem Motto: \u201eEine Kette ist so stark, wie das schw\u00e4chste Glied!\u201c &nbsp;<\/p>\n\n\n\n<p>.<\/p>\n\n\n\n<figure class=\"wp-block-image\"><img decoding=\"async\" loading=\"lazy\" width=\"792\" height=\"490\" src=\"http:\/\/gotogreenflag.de\/wp-content\/uploads\/2020\/06\/Wirkware.jpg\" alt=\"\" class=\"wp-image-194\" srcset=\"http:\/\/gotogreenflag.de\/wp-content\/uploads\/2020\/06\/Wirkware.jpg 792w, http:\/\/gotogreenflag.de\/wp-content\/uploads\/2020\/06\/Wirkware-300x186.jpg 300w, http:\/\/gotogreenflag.de\/wp-content\/uploads\/2020\/06\/Wirkware-768x475.jpg 768w\" sizes=\"(max-width: 792px) 100vw, 792px\" \/><\/figure>\n\n\n\n<p>Das Resultat<\/p>\n\n\n\n<p>. schon \n\t\t\tdurch dieses &#8222;1-Faden&#8220; System, ist keine hohe Haltbarkeit zu \n\t\t\terwarten. Selbst wenn die Schlingen durch 2 F\u00e4den ersetzt werden, \n\t\t\tbleibt es ein &#8222;1-Faden&#8220; System. Die Haltbarkeit l\u00e4uft nur \u00fcber \n\t\t\tdiesen einen Faden.<\/p>\n\n\n\n<p><a href=\"http:\/\/flaggendruckerei.de\/\">&#8230; mehr Details und Pr\u00fcfberichte \u00fcber den PESKO 2150 HIER KLICKEN!<\/a><\/p>\n\n\n\n<p><\/p>\n\n\n\n<p> <a href=\"http:\/\/www.gotogreen.de\/2%20wissenswertes\/3%20%20Die%20Einfluesse.html\">&#8230; weiter zu den Einfl\u00fcssen<\/a><\/p>\n\n\n\n<p><\/p>\n\n\n<p>.<\/p>\n<p>.<\/p>\n<p><\/p>\n\n\n\n<p>.<\/p>\n<p>.<\/p>\n<p>.<\/p>\n<p><\/p>","protected":false},"excerpt":{"rendered":"<p>. PESKO 2150! Webware mit der h\u00f6chsten Rei\u00dffestigkeit Der&nbsp; Go to green Fahnenstoff hat eine Haltbarkeit um das 40-fache, weil es eine spezielle Verarbeitung hat die Webware mit besonderer Struktur PESKO2150 150g\/m\u00b2 &#8211; Go to green &#8211; 100% PES \u2013 Deutscher Ursprung \u2013 Rei\u00dffestigkeit in Kette \u00fcber 1200 N&nbsp;&nbsp; &nbsp;&nbsp;&nbsp;&nbsp;Weiterrei\u00dffestigkeit quer zur Kette &nbsp;&nbsp;&nbsp;&nbsp;&nbsp;&nbsp;&nbsp;\u00fcber 120 [&hellip;]<\/p>\n","protected":false},"author":1,"featured_media":0,"parent":0,"menu_order":0,"comment_status":"closed","ping_status":"closed","template":"template\/template-page-full-width.php","meta":{"_monsterinsights_skip_tracking":false,"_monsterinsights_sitenote_active":false,"_monsterinsights_sitenote_note":"","_monsterinsights_sitenote_category":0},"amp_enabled":false,"_links":{"self":[{"href":"http:\/\/gotogreenflag.de\/index.php?rest_route=\/wp\/v2\/pages\/136"}],"collection":[{"href":"http:\/\/gotogreenflag.de\/index.php?rest_route=\/wp\/v2\/pages"}],"about":[{"href":"http:\/\/gotogreenflag.de\/index.php?rest_route=\/wp\/v2\/types\/page"}],"author":[{"embeddable":true,"href":"http:\/\/gotogreenflag.de\/index.php?rest_route=\/wp\/v2\/users\/1"}],"replies":[{"embeddable":true,"href":"http:\/\/gotogreenflag.de\/index.php?rest_route=%2Fwp%2Fv2%2Fcomments&post=136"}],"version-history":[{"count":4,"href":"http:\/\/gotogreenflag.de\/index.php?rest_route=\/wp\/v2\/pages\/136\/revisions"}],"predecessor-version":[{"id":196,"href":"http:\/\/gotogreenflag.de\/index.php?rest_route=\/wp\/v2\/pages\/136\/revisions\/196"}],"wp:attachment":[{"href":"http:\/\/gotogreenflag.de\/index.php?rest_route=%2Fwp%2Fv2%2Fmedia&parent=136"}],"curies":[{"name":"wp","href":"https:\/\/api.w.org\/{rel}","templated":true}]}}