{"id":138,"date":"2020-06-04T14:21:38","date_gmt":"2020-06-04T14:21:38","guid":{"rendered":"http:\/\/gotogreenflag.de\/?page_id=138"},"modified":"2020-06-09T15:14:57","modified_gmt":"2020-06-09T15:14:57","slug":"die-einfluesse","status":"publish","type":"page","link":"http:\/\/gotogreenflag.de\/?page_id=138","title":{"rendered":"Die Einfl\u00fcsse"},"content":{"rendered":"\n<div class=\"wp-block-cover aligncenter has-background-dim\" style=\"background-image:url(http:\/\/gotogreenflag.de\/wp-content\/uploads\/2020\/06\/RTEmagicC_Muster_3a.gif)\"><div class=\"wp-block-cover__inner-container\">\n<p style=\"font-size:70px;text-align:center\" class=\"has-text-color has-luminous-vivid-amber-color\"><strong>Die Einfl\u00fcsse<\/strong><\/p>\n<\/div><\/div>\n\n\n<p>.<\/p>\n\n\n<p style=\"text-align:center\" class=\"has-text-color has-background has-large-font-size has-vivid-red-color has-very-light-gray-background-color\"><strong>Das Ziel ist eine Fahne zu reinigen<\/strong><\/p>\n\n\n\n<p>.<\/p>\n\n\n\n<p class=\"has-text-color has-very-dark-gray-color\"><strong>Reinigen (Cleaning):<\/strong><\/p>\n\n\n\n<p class=\"has-text-color has-very-dark-gray-color\">\n\t\t\tWas nicht \n\t\t\tvermieden werden kann &#8211; ist die Verschmutzung durch die Luft &#8211; Es \n\t\t\tgen\u00fcgt &#8211; wenn die Fahne dem daf\u00fcr speziell entwickelten \n\t\t\tReinigungsverfahren unterzogen und vom Schmutz aus der Luft befreit \n\t\t\twird &#8211; Die Farben erscheinen danach in alter Brillanz und sind nicht \n\t\t\tangegriffen &#8211; <\/p>\n\n\n\n<p class=\"has-text-color has-very-dark-gray-color\">Hierbei werden \n\t\t\tauch die notwendigen Instandsetzungen vorgenommen &#8211; um der Fahne \n\t\t\teine lange Lebensdauer zu erm\u00f6glichen &#8211; <\/p>\n\n\n\n<p class=\"has-medium-font-size\"><strong>Sachverhalt:<\/strong><\/p>\n\n\n\n<p class=\"has-text-color has-very-dark-gray-color\"> Polyester l\u00e4dt sich so stark bei den Windbewegungen auf &#8211; &nbsp;dass  erhebliche Magnetfelder entstehen &#8211; <\/p>\n\n\n\n<p class=\"has-text-color has-vivid-red-color\"><strong>Die Fahnen l\u00e4dt sich elektrostatisch auf!<\/strong><\/p>\n\n\n\n<div class=\"wp-block-image\"><figure class=\"aligncenter is-resized\"><img decoding=\"async\" loading=\"lazy\" src=\"http:\/\/gotogreenflag.de\/wp-content\/uploads\/2020\/06\/RTEmagicC_Prisma-3.jpg\" alt=\"\" class=\"wp-image-202\" width=\"477\" height=\"708\" srcset=\"http:\/\/gotogreenflag.de\/wp-content\/uploads\/2020\/06\/RTEmagicC_Prisma-3.jpg 413w, http:\/\/gotogreenflag.de\/wp-content\/uploads\/2020\/06\/RTEmagicC_Prisma-3-202x300.jpg 202w\" sizes=\"(max-width: 477px) 100vw, 477px\" \/><\/figure><\/div>\n\n\n\n<p><strong>Folge:<\/strong><\/p>\n\n\n\n<p>\n\t\t\t\n\t\t\tDiese Polarisierung zwingt die Schmutz \n\t\t\tPartikelchen sich \n\t\t\tauf der Faser anzulagern und &nbsp;bildet&nbsp;\n\t\t\tmit dem Polyester eine geschlossene Einheit &#8211; <\/p>\n\n\n\n<p class=\"has-text-color has-very-dark-gray-color\"><strong> Das Licht wird durch diesen entstandenen Film gebrochen &#8211; so dass  die Farben in ihrer Leuchtkraft geschw\u00e4cht werden &#8211; <\/strong><\/p>\n\n\n\n<p> Je  st\u00e4rker die Verschmutzung &#8211; desto dicker der Schutzfilm &#8211; umso  gr\u00f6\u00dfer die Lichtbrechung und Schw\u00e4chung der Farbwiedergabe &#8211;  <\/p>\n\n\n\n<p>&#8230; wenn man eine solche Fahne normal w\u00e4scht, l\u00f6st sich zwar der Film in dem Wasch-Laugen-Bad und dieser Schmutz wird aber gleichzeitig wie eine F\u00e4rbung in die Faser gedr\u00fcckt. Die Fahnen vergraut endg\u00fcltig! <\/p>\n\n\n<p>.<\/p>\n\n\n<p><strong><a href=\"\/?page_id=140\">&#8230; zum Ergebnis<\/a><\/strong><\/p>\n\n\n<p>.<\/p>\n<p>.<\/p>\n<p>.<\/p>\n<p>.<\/p>\n\n\n\n<p>.<\/p>\n<p>.<\/p>\n<p>.<\/p>\n<p><\/p>","protected":false},"excerpt":{"rendered":"<p>. Das Ziel ist eine Fahne zu reinigen . Reinigen (Cleaning): Was nicht vermieden werden kann &#8211; ist die Verschmutzung durch die Luft &#8211; Es gen\u00fcgt &#8211; wenn die Fahne dem daf\u00fcr speziell entwickelten Reinigungsverfahren unterzogen und vom Schmutz aus der Luft befreit wird &#8211; Die Farben erscheinen danach in alter Brillanz und sind nicht [&hellip;]<\/p>\n","protected":false},"author":1,"featured_media":0,"parent":0,"menu_order":0,"comment_status":"closed","ping_status":"closed","template":"template\/template-page-full-width.php","meta":{"_monsterinsights_skip_tracking":false,"_monsterinsights_sitenote_active":false,"_monsterinsights_sitenote_note":"","_monsterinsights_sitenote_category":0},"amp_enabled":false,"_links":{"self":[{"href":"http:\/\/gotogreenflag.de\/index.php?rest_route=\/wp\/v2\/pages\/138"}],"collection":[{"href":"http:\/\/gotogreenflag.de\/index.php?rest_route=\/wp\/v2\/pages"}],"about":[{"href":"http:\/\/gotogreenflag.de\/index.php?rest_route=\/wp\/v2\/types\/page"}],"author":[{"embeddable":true,"href":"http:\/\/gotogreenflag.de\/index.php?rest_route=\/wp\/v2\/users\/1"}],"replies":[{"embeddable":true,"href":"http:\/\/gotogreenflag.de\/index.php?rest_route=%2Fwp%2Fv2%2Fcomments&post=138"}],"version-history":[{"count":4,"href":"http:\/\/gotogreenflag.de\/index.php?rest_route=\/wp\/v2\/pages\/138\/revisions"}],"predecessor-version":[{"id":205,"href":"http:\/\/gotogreenflag.de\/index.php?rest_route=\/wp\/v2\/pages\/138\/revisions\/205"}],"wp:attachment":[{"href":"http:\/\/gotogreenflag.de\/index.php?rest_route=%2Fwp%2Fv2%2Fmedia&parent=138"}],"curies":[{"name":"wp","href":"https:\/\/api.w.org\/{rel}","templated":true}]}}